t of o?
0
Let h = 26352 + -1971. What is the thousands digit of h?
4
Let g be ((-15)/12)/(1/(-4)). Suppose -g*f + 2*o = o - 14758, 14743 = 5*f + 4*o. Suppose -20*v + 7*v = -f. What is the hundreds digit of v?
2
Let s(h) = h**3 - h**2 - 25*h - 36. Let g = 211 - 198. What is the units digit of s(g)?
7
Let g(c) be the first derivative of -c**3/3 - 23*c**2/2 - 15*c - 14. Let s be g(-19). Suppose 4*d + z = 229, -3*d + z = -224 + s. What is the units digit of d?
6
Let o(s) = -4*s + 340. Let q be o(0). Let y = q - 222. Let m = 131 - y. What is the units digit of m?
3
Suppose 4*z - 2*p + 539 - 173 = 0, 3*z = 5*p - 264. Suppose -3*d + 5*h - 159 = 0, -4*d - 4*h - 159 = -d. Let k = d - z. What is the units digit of k?
0
Suppose 414*a - 416*a = 2*p - 8236, -a = 5*p - 4118. What is the thousands digit of a?
4
Let z = -20 - -21. Let f be (z/1)/(1/(-2)) - 58. What is the hundreds digit of (-190)/4*144/f?
1
Let g(t) = 4*t**2 - 43*t + 29. Let v be g(12). Suppose -v = -3*s + 115. Suppose -10*y + s = -2232. What is the hundreds digit of y?
2
Let o = -66 - 174. Let z = o - -562. What is the tens digit of z?
2
Let h = 17 + 3. Suppose 2*o = i + o - 16, -h = -2*i - 2*o. Suppose i*k - k = 696. What is the tens digit of k?
5
Let q = 15899 - 8520. What is the units digit of q?
9
Let p(d) = 7*d**2 - d + 273. What is the units digit of p(-36)?
1
Suppose -x = 2*g + 2, 6*g - x - 2 = g. Suppose 14*i + 12*i - 9256 = g. What is the hundreds digit of i?
3
Suppose 4*l + 3 + 5 = 0. Let c be l/8 - 950/40. What is the tens digit of ((-45)/(-2))/(c/(-32))?
3
Suppose 4*j - 2*m - 596 = -0*m, j - 167 = -4*m. Let n = 131 - j. Let q = n + 219. What is the hundreds digit of q?
1
Let l = -6118 - -10249. Suppose -68*z = -59*z - l. What is the hundreds digit of z?
4
Let w be (6/1)/(1/(4 + -5)). What is the hundreds digit of -3*((-334)/3 - w/(-6))?
3
Let z = 465 - 224. Suppose -n - 2*n = g - 85, 3*g = 5*n + z. Suppose -3*i - g = -d, -5*i = -3*d - 2*i + 228. What is the tens digit of d?
7
Suppose -11*m - 300 = -10*m. Let z = m + 553. Suppose 0*d + 3*d - x - z = 0, 0 = -4*d - 5*x + 369. What is the units digit of d?
6
Let w = 1138 - 2133. Let r = -604 - w. What is the tens digit of r?
9
Let h = 71 - 274. Let v = 224 + h. What is the units digit of v?
1
Suppose 2 = 7*r - 12. Let o be r*(-1)/2 + 4*1. Suppose -f + 616 = 3*u, 15 = o*f + 3. What is the hundreds digit of u?
2
Suppose -3*g + 3*l = -13 + 16, 0 = -2*g + l - 5. Let m(i) = -286*i - 21. What is the hundreds digit of m(g)?
1
Let r(p) = -p**3 + 2*p**2 + 2*p - 3. Let l be r(2). Let b be (-20)/140 + l/((-14)/2924). Let g = b + 354. What is the hundreds digit of g?
1
Let a = -16770 - -28947. What is the units digit of a?
7
Suppose 4*v - 196 = -0*m - 5*m, -49 = -v - 5*m. Let n = 32 - v. Let x(g) = g**2 + 13*g + 27. What is the tens digit of x(n)?
9
Let s = 1265 + -759. Suppose -d + s - 113 = 0. What is the units digit of d?
3
Let i = 35 + -41. Let x = 164 + i. What is the tens digit of x?
5
Suppose -76*z + 78*z + 3*t = 78466, 0 = 3*z - 2*t - 117738. What is the tens digit of z?
4
Let v = 239 - 17. Suppose 7*w - 10*w = -v. Let r = w - -24. What is the units digit of r?
8
Let d = 273 - -311. Suppose -u + d = 2*k, 0*k - 4*u - 584 = -2*k. What is the units digit of k?
2
Let j(g) be the third derivative of 7*g**4/6 + 29*g**3/6 - 12*g**2. Let u be j(-5). What is the tens digit of (u/(0 + -3))/((-9)/(-18))?
7
Let f = -47 + 79. Suppose -n = 2*n - 5*k - f, 0 = -n - 3*k + 6. Suppose 16*w - n*w - 483 = 0. What is the tens digit of w?
6
Let i(g) = 9*g - 25. Let m be i(11). Let h = -70 + m. Suppose -y - h*y = -510. What is the hundreds digit of y?
1
Let f(x) = -4*x**2 + 73*x - 17. Let c be f(18). Let j(a) = 1447*a**2 - 7*a + 7. What is the thousands digit of j(c)?
1
Suppose u - 35 = -39, -6*u - 54260 = -4*z. What is the ten thousands digit of z?
1
Let s be (5 - 1)/((-50)/425). Let o(t) = -t**3 - 34*t**2 - 27*t + 20. What is the units digit of o(s)?
8
Let s = -19 + 25. Suppose -15*o + s = -12*o. Suppose -4*i - g + 29 = -150, g - 89 = -o*i. What is the tens digit of i?
4
Suppose 2*o - 25 - 17 = 0. Suppose -5*h - o = -z, -31 = -z - 2*h + 25. What is the units digit of z?
6
Let j = -29234 + 49666. What is the tens digit of j?
3
Let g(z) = 2177*z - 6326. What is the units digit of g(10)?
4
Let f(c) = -169*c + 4683. What is the hundreds digit of f(-8)?
0
Suppose 0 = h + 7*q - 12*q + 10, 0 = 5*h + 2*q - 4. Suppose h = -3*w + 5*f + 115, -w - 16*f + 11*f + 25 = 0. What is the tens digit of w?
3
Suppose 36*p - 43*p + 826 = 0. Suppose -q + p = -5*c, 4*c + 440 - 64 = 3*q. What is the hundreds digit of q?
1
Let l be 4/18 + 1225/(-45). Let u = l - -29. Suppose 3*n - 235 = -u*n. What is the units digit of n?
7
Suppose 271*x = 264*x + 3164. Let l = 823 - x. What is the hundreds digit of l?
3
Suppose r + 4*o = 115, 0 = -r + 4*o - 31 + 162. Let w = -55 + r. What is the tens digit of w?
6
Suppose -4*x + 3*m + 15 = -3, 15 = 3*x - 3*m. Suppose -2*r + 2*l = x*l - 13, 5*l = r - 1. Suppose 0 = -0*j + r*j - 312. What is the units digit of j?
2
Suppose -120*p - 99*p + 282*p - 982296 = 0. What is the hundreds digit of p?
5
Let h(c) be the second derivative of -1/3*c**3 + 95/6*c**4 + 1/2*c**2 + 0 + 27*c. What is the units digit of h(1)?
9
Let p(z) = 56*z**3 - 5*z**2 + 4*z - 11. What is the tens digit of p(5)?
8
Let p be ((-6)/(-4))/(39/497848). Suppose 56*u - p = -1620. What is the tens digit of u?
1
Let c(x) = x**3 - x**2 - 2*x + 54. Let f be c(0). Let p = 210 - f. Suppose 0 = -3*m + 7*m - p. What is the tens digit of m?
3
Suppose -34*c + 4*c = 28*c - 605172. What is the thousands digit of c?
0
Let c(w) = 20*w + 4. Let t be c(2). Let d = 46 - t. Suppose 2*y - 282 = -2*j, j + d = -0. What is the tens digit of y?
4
Let n(k) = 608*k + 6628. What is the thousands digit of n(75)?
2
Let w(u) = 29*u**2 + 102*u + 1209. What is the hundreds digit of w(-17)?
8
Let o = 286 + -284. Suppose -o*j - 390 + 1436 = 0. What is the units digit of j?
3
Suppose -26*m = -33*m + 49070. Suppose m = 81*k - 76*k. What is the hundreds digit of k?
4
Let o(c) = 346*c**3 - 34*c**2 + 69*c - 3. What is the hundreds digit of o(2)?
7
Let o = 10712 + -7118. What is the units digit of o?
4
Suppose -20 = 5*a - 45. Suppose 4*x - 18 = -3*i, 2*i - 3 = -a*x + 9. Suppose -k - 355 = -i*k. What is the tens digit of k?
7
What is the hundreds digit of 260*((-1335)/(-25) + 7)?
7
Suppose -5*y = 4*r - 18, y - 2*r - 2 = -2*y. What is the thousands digit of (3*(-203)/(-14))/(y/76)?
1
Let x be ((-15)/40)/((-3)/16). Let y = -23 + 83. What is the units digit of (-6)/y*x - (-251)/5?
0
What is the units digit of (-87)/2*((-12)/(-114) + (-2395938)/3249)?
4
Suppose 56567 + 178413 = 20*f. What is the tens digit of f?
4
Suppose 24*n - 3540 = 22*n. Suppose -22*c + n = -12*c. What is the tens digit of c?
7
Let u = 5223 + -3611. Suppose -2*t - 4*o + u = 2*t, 3*o = 5*t - 1999. What is the units digit of t?
1
Let o = -8755 + 14327. What is the hundreds digit of o?
5
Let v(h) = 84*h + 78*h - 65*h + 8 + 34*h. Let f be v(2). Suppose r = 7*r - f. What is the units digit of r?
5
Suppose 2*g + 0 = 4*n - 8, 3*g = 4*n - 6. Suppose 183 = 4*k - 3*s, n*k = -3*s + 1 + 131. Let i = k - 8. What is the tens digit of i?
3
Let n be ((-5)/2)/(10/340). Let u = n - -43. What is the tens digit of 2/4 - u/4?
1
Let g(w) = 9*w**3 + 10*w**2 + 18*w + 15. Let j(y) = -2*y**3 - y. Let s(q) = -g(q) - 4*j(q). Let x = 19 - 30. What is the units digit of s(x)?
0
Suppose 5*f - o - 1 = 0, 4*f - 4*o = o + 5. Suppose f = -5*z + 4*v + 1101, 3*z + 0*z - 635 = -4*v. What is the tens digit of z?
1
Let w(p) = 175*p**2 + 26*p + 116. What is the thousands digit of w(-6)?
6
Let u(f) = 2*f**3 - f**2 - 2*f - 1. Let k be u(-1). What is the tens digit of k/24 - (-9194)/24?
8
Suppose -4*t = 5 - 101. Suppose -15*i + t*i = 6327. What is the hundreds digit of i?
7
Suppose -i + 0*i + 2*i = 0. Suppose i = 120*k - 118*k - 864. What is the units digit of k?
2
Let u = -18 - -18. Suppose -2*w + 4 - 12 = u. What is the units digit of (736/(-40))/(w/10)?
6
Let t(g) be the third derivative of 0*g + 8/3*g**3 + 9*g**2 + 41/24*g**4 + 0. What is the tens digit of t(5)?
2
Let q = -3764 + 11090. What is the thousands digit of q?
7
Let r(d) = 14*d**2 + 40*d + 218. What is the hundreds digit of r(-20)?
0
Suppose